.
-7
Suppose -2*o + 4 + 14 = 0. Let v(j) be the first derivative of j - 2. Let q(r) = -r + 4. Let i(b) = o*v(b) - 2*q(b). What is i(-4)?
-7
Let l(n) = -2*n**2 + 7*n + 6. Let v(h) = -h**2 + 7*h + 6. Let w(p) = -2*l(p) + 3*v(p). Give w(-5).
-4
Let y(n) = 6*n**2 + 7*n + 3. Let h(v) = -v**2 - v. Let m(b) = 4*h(b) + y(b). What is m(-2)?
5
Let i(a) = a + 10. Let l(y) = 5*y + 50. Let k be l(-10). Determine i(k).
10
Let k(c) = c. Let p(m) = -2*m - 1. Let x(i) = -2*k(i) - 2*p(i). Calculate x(-5).
-8
Let a(d) be the second derivative of d**5/20 - d**4/2 - 7*d**2/2 + 40*d. Give a(6).
-7
Let h = 20 + -10. Let l(d) = -8 + d**3 + 8 + 4*d + h - 8*d**2 + 2*d. Calculate l(7).
3
Suppose -5*h = -4*r - 29, 3*r - 4*r - 11 = -5*h. Let o(v) = v**2 + 7*v + 6. Let z be o(r). Let i(k) = -2*k - 1 - 1 + k + z. Determine i(3).
-5
Suppose 0 = 5*k - 6 - 9, -k = 3*c - 15. Let r(m) = -m**2 - 3*m + 14. Let o(z) = -2*z**2 - 7*z + 29. Let y(d) = c*o(d) - 9*r(d). Give y(0).
-10
Let z = 0 + 4. Suppose -2*f + 3*i - 5 = -1, -2*f + 4*i - 8 = 0. Let r(n) = -n - 2*n**2 + z*n + 3*n**2 - f. Give r(-4).
0
Let h(x) = -x**2 - 5*x - 1. Let i be h(-3). Let k(z) = 3*z**2 - 3 + 0*z**2 - i*z - 2*z**2. Determine k(4).
-7
Let x(p) be the second derivative of p**8/6720 + p**7/630 + p**6/240 + p**4/12 - p. Let j(d) be the third derivative of x(d). Give j(-4).
-12
Let t be ((-21)/(-6))/(2/(-4)). Let v(x) = -x - 4. Let s be v(t). Let q(k) = 3*k - 10. Let f(u) = 9*u - 28. Let i(h) = 3*f(h) - 8*q(h). Calculate i(s).
5
Let j(z) = -8*z - 2. Let m(x) = -x**3 - 6*x**2 + 3*x + 15. Let u be m(-6). Determine j(u).
22
Let p(r) = -5*r + 13. Let z(o) = 4*o - 12. Let h(t) = 5*p(t) + 6*z(t). Give h(-6).
-1
Suppose 0 = 2*l + 2*l - 20. Let i(d) = -d**3 + 6*d**2 + d - 5. Determine i(l).
25
Suppose 0 = 4*w - 8, -28 = -5*k - 5*w + w. Let z = 0 + k. Suppose -4*u - 4 = -2*t - 5*u, -z*t = 3*u - 4. Let s(h) = -2*h - 1. Give s(t).
-9
Let q(u) = -2*u + 5. Let g be -5*(-3 - -4)*1. Give q(g).
15
Let s(h) = -h**2 - 5*h - 3. Let q(m) = 7 - 2 + 3 + 4*m**2 + 19*m + 4. Let v(y) = -2*q(y) - 9*s(y). What is v(-6)?
-3
Suppose 5 - 15 = -2*q. Let m be 24/q + (-1)/(-5). Let h(y) = -y**2 + 3*y + 6. What is h(m)?
-4
Let t(a) = a**3 - a**2 + a. Let g(z) = -5*z**3 - 4*z**2 + 2*z + 10. Let h(d) = -g(d) - 6*t(d). Give h(9).
-1
Let u(j) be the second derivative of -j**3/6 + 9*j**2/2 - 8*j. What is u(0)?
9
Let i(n) be the second derivative of 2*n**5/5 + n**4/12 + n. Suppose -5*r = -2*r - 63. Let k be 2/7 - 27/r. Determine i(k).
-7
Let b(n) = -2*n**2 + 0*n**2 - 4*n + n**2. Suppose 2*r - 16 = 12. Let v be (-4)/r - 104/28. Determine b(v).
0
Suppose q + z + 1 = 0, -5*q + 3*z - 11 = 2. Let v(p) be the third derivative of -p**6/120 - p**5/30 + p**4/12 + p**3/3 - 5*p**2. Calculate v(q).
-2
Let o(b) = -b**3 + 2*b**2 + 2*b + 1. Suppose -v + 0*v + 17 = 0. Suppose v - 2 = 5*y. Calculate o(y).
-2
Let y = -7 + 11. Let g(o) = o**2 + o + 1. Let p be g(-2). Let x(i) = -i + 1 + 0 - 5 + p*i**2 - 2*i**2. Determine x(y).
8
Let i(b) be the third derivative of b**5/60 + b**4/4 + 2*b**3/3 + 11*b**2. Let l(q) = 2*q + 4. Let j be l(-4). Determine i(j).
-4
Let m(u) be the third derivative of u**5/60 - u**4/24 + u**3 + 17*u**2. Give m(0).
6
Let w(n) be the second derivative of -n + 0*n**2 + 0 - 4/3*n**3. Suppose -5*c = 4*k - 19, -4*k + 1 = -c - 0. Give w(k).
-8
Suppose -4*d + 2*u - 18 = 0, -2*u = -4*d + 3*d - 6. Suppose -6 = 3*q - 15. Let t(b) = 3*b**2 + 3*b - 6*b + 3*b**3 - 2*b**q - 2 + 0*b. What is t(d)?
-6
Let i(c) = c**2 + 6*c + 7. Let s = 11 + -17. Calculate i(s).
7
Suppose 4*n + 3 = 11. Let k(v) = -4*v**3 + 4*v**3 + v**3 - n + 4*v**2 - 4*v - 3*v. Let w = -12 + 7. What is k(w)?
8
Let g(r) be the first derivative of -1/2*r**2 - 2 + r. Give g(-6).
7
Let y be (-30)/(-40) - (-3)/4. Let l(x) be the second derivative of 1/2*x**3 + 1/12*x**4 - y*x**2 - 3*x + 0. Calculate l(-3).
-3
Let y(h) = 7*h + 3. Let r(m) be the second derivative of 2*m**3/3 + m**2/2 + m. Let l(i) = -5*r(i) + 2*y(i). Determine l(-1).
7
Let y(q) = 7*q**3 - 10*q**2 - 4*q + 1. Let w(f) = 13*f**3 - 19*f**2 - 7*f + 1. Let p(g) = -6*w(g) + 11*y(g). What is p(4)?
-3
Let i(g) = -g**3 + 4*g**2 + 5*g - 1. Let c = -17 + 37. Suppose -7*f + 3*f + c = 0. Determine i(f).
-1
Let o(q) = -5*q**3 + 11*q**2 + 8*q + 1. Let z(s) = -9*s**3 + 21*s**2 + 15*s + 3. Let r(g) = 11*o(g) - 6*z(g). Determine r(-5).
3
Let j(s) = s**2 + 1. Let f(a) = 2*a**2 - 8*a - 1. Let v(r) = f(r) - 3*j(r). Determine v(-8).
-4
Let j(y) be the first derivative of -y**2/2 - 2*y + 40. Determine j(0).
-2
Let s be (3/6)/((-2)/(-4)). Suppose -r - s = 4. Let j(u) be the first derivative of -u**4/4 - 4*u**3/3 + 2*u**2 - 5*u + 1. Give j(r).
0
Let x(p) be the second derivative of -7*p**4/12 - p**3/6 - p. Let t be (-8)/4 - (2 - 3). What is x(t)?
-6
Let w = -3 - -2. Let r = 0 + w. Let s(a) = -6*a + 2 - 2. Give s(r).
6
Let q(h) be the second derivative of 2*h - 1/2*h**2 + 0 + 1/3*h**3. Determine q(-3).
-7
Let j(d) = d**3 - 6*d**2 + d - 3. Let p be j(6). Let n = 0 - -2. Let b(t) = 1 + t + 0*t**n - t**2 + 1. Determine b(p).
-4
Let q(x) = x - 6. Let f(g) = -g - 1. Let d(j) = -3*f(j) - q(j). What is d(-6)?
-3
Let o be (1 - -2 - 4)/(-3). Let x(i) be the first derivative of 4*i + o*i**3 - 1/2*i**2 + 1. Give x(0).
4
Suppose 0 = -3*l + 2*l. Let d(q) = q**2 - q - 11. Determine d(l).
-11
Let i be 0/(2*(-2)/4). Let c(j) = j - 12. Calculate c(i).
-12
Let b(t) be the first derivative of 4/3*t**3 - 3*t**2 + 1/4*t**4 + 4 - 7*t. Suppose -a - 1 = -2*p + 6, 5*p = -a. What is b(a)?
-2
Suppose c - 2*c - 4*j = -2, 2*j = 0. Let n(b) be the third derivative of 1/3*b**3 + 0 - 1/60*b**5 + 1/24*b**4 + 0*b + 2*b**c. Give n(0).
2
Suppose -6 = -2*c - 20. Let f(y) = -2*y - 10. Let r be f(c). Let m(a) = -2*a**3 + r*a**3 - 3*a**3 - a + 2*a**2. Determine m(1).
0
Let p(k) be the third derivative of k**6/120 + k**5/20 + k**4/12 - 36*k**2. Let i = -4 + 1. Determine p(i).
-6
Let z(m) be the second derivative of -m**7/2520 + m**6/144 - m**5/20 - m**4/6 - 6*m. Let j(a) be the third derivative of z(a). Give j(4).
-2
Let a(t) = -4*t - 5. Let q(z) = -z + 1. Suppose 2*k = -5*g - 3, -k = 4*g - 5*k - 20. Let r(h) = g*a(h) + 2*q(h). Give r(-2).
9
Let i(a) = -7*a**3 - 12*a**2 + 8. Let u(r) = -2*r**3 - r**2 + r + 1. Let c be u(-1). Let w(o) = -o**3 - o**2 + o + 1. Let t(b) = c*i(b) - 6*w(b). What is t(-5)?
7
Let c(d) = d - 5. Let h(s) = -s**2 - 9*s - 3. Let r be h(-6). Let v = r - 10. Determine c(v).
0
Let c = 4 + -1. Suppose 12 = 7*l - c*l. Let p(a) = -3*a + 4. Calculate p(l).
-5
Let q(r) be the first derivative of -r**2/2 + 3*r - 9. What is q(6)?
-3
Let o be (-1 + 2)*5 + -2. Suppose 41 = -2*i + 6*i + 5*f, 5 = 5*i - o*f. Let c(j) = -j + 0*j + i*j**2 - j**3 + 0*j + 0*j**2. What is c(3)?
6
Let r(c) be the first derivative of -3*c**3 + c**2/2 - c + 1. Determine r(1).
-9
Let l(y) = y**2 - y + 5. Let r(z) = -z**2 + z - 6. Let a(d) = 2*l(d) + 3*r(d). Let i be -1 - 3*(-4)/12. Calculate a(i).
-8
Suppose 4*g - 8 = 12. Let b(z) = 2*z**2 - 6*z - 5. Determine b(g).
15
Let i(j) = 2 - 3*j**3 + 2*j + 3 + 3*j**2 + 0*j + 4*j**3. Give i(-4).
-19
Let o(i) be the third derivative of -i**9/60480 + i**8/2880 - i**7/630 + 7*i**6/720 + 7*i**5/60 + i**2. Let s(k) be the third derivative of o(k). Give s(6).
-5
Let b(d) = -d**2 - d. Let o be b(1). Let s be ((-1 - -1)/3)/o. Let k(h) be the first derivative of h**3/3 - h**2/2 - 3*h - 2. Determine k(s).
-3
Let d(k) be the third derivative of k**5/60 - k**4/4 - k**3/6 - 6*k**2. Suppose 0 = -0*p + 2*p - 10. What is d(p)?
-6
Let i(u) be the first derivative of 5*u**3 - u**2/2 + 38. Calculate i(1).
14
Let s(d) = -3*d - 2*d + 3*d**2 - 2*d**2 - 7. Let l = -32 + 37. What is s(l)?
-7
Let v(y) be the second derivative of y**8/3360 + y**7/2520 + y**6/720 + y**4/4 + y. Let s(a) be the third derivative of v(a). Calculate s(-1).
-2
Let x(j) = -j**2 + 5*j + 1. Suppose -6 = 4*s + 2. Let f(p) = p**2 + 2*p - 2. Let r be f(s). Let k(t) = t**3 + 3*t**2. Let l be k(r). What is x(l)?
5
Suppose -3*l - 17 = -2. Let c(z) be the third derivative of -z**6/120 - z**5/12 - z**4/12 - 5*z**3/6 + z**2. Calculate c(l).
5
Suppose 0 = -y + 1 - 0. Let u(z) = -10*z**3 - z**2. Calculate u(y).
-11
Let l(b) = -4*b + 7. Let k(o) = -7*o + 14. Let a(w) = 3*k(w) - 5*l(w). Determine a(7).
0
Let m(k) = k**3 + 6*k**2 + 6*k. Suppo